-29
What is -7 + (10 - 6) + 4 + -11 - -15?
5
4 + -2 - -4 - (9 + -10 + -18)
25
What is the value of 5 - (0 + 7 - (17 - 5))?
10
Evaluate 17 + -24 + 0 + -9.
-16
Evaluate (-34 - (-16 - (-18 + 0))) + 15.
-21
Evaluate -24 - (19 + -6 - 28).
-9
Evaluate (22 - 55) + (-7 - -30).
-10
Evaluate 3 - 0 - (-120 - -140).
-17
What is -2 - (16 + -4 - 4)?
-10
Evaluate 1 + -9 - ((15 - -10) + -29).
-4
Evaluate (20 - 2) + (-31 + 5 - -32).
24
Evaluate (0 - 20) + (2 - (-6 - -1)) + -7.
-20
Calculate 237 - 235 - (-1 + 3) - (0 - -2).
-2
Evaluate (-4 - -1) + 13 + -3 + -22 + 2.
-13
13 + (13 - (-6 - -24))
8
Calculate -47 + -24 + 47 - -12.
-12
What is the value of 9 + (-7 - (4 + 1 + 5)) - 10?
-18
What is the value of -60 - (-24 + 38 + -32)?
-42
What is (-3 - 8) + (-1 - (-2 - -1))?
-11
((-12 - -10) + 10 - 11) + 12
9
1 - (-2 - (-25 - -6))
-16
Calculate -54 + 22 - 4 - -59.
23
Calculate -33 + (376 + -389 - (-29 - 0)).
-17
What is -10 + (14 - 12) - -9?
1
30 + -9 + -84 + 41 - (0 + 8)
-30
Calculate 15 + 1 + (-94 - -78).
0
What is the value of -8 - (1 + 0) - (-90 - -82)?
-1
Evaluate -1 + 8 - (1 + 3 - (0 + 4)).
7
What is 9 + 38 + -6 + -57?
-16
Calculate (22 - 10 - 21) + -5.
-14
Calculate -4 + (-4 - -2) + 7 + -15 + -3.
-17
Calculate -3 + 1 - (-6 + 5 + 6 + 7).
-14
Calculate 9 - (-35 + (28 - 12) - 9).
37
What is the value of (-19 - -31) + (-26 - -3)?
-11
What is the value of (2 + 4 - (1 + 3)) + -5 - 7?
-10
What is -20 - (-7 + -1) - -14?
2
What is the value of -7 - 0 - -3 - (-11 - (37 - 7))?
37
Evaluate 6 - (38 + 1) - ((-23 - -14) + 3).
-27
(-28 - -15 - -19) + (-2 - -4 - 1)
7
54 + -49 - (4 + -8)
9
What is the value of (0 - -8) + (6 - (-2 + 11))?
5
-6 + (14 - -5) + -1 + -2 + 2
12
What is 1 + 7 - (429 + -416)?
-5
What is 6 - (-1 - -3 - (16 - 8))?
12
-2 + (22 - 0) + -257 + 242
5
What is the value of 5 - (-3 - 3 - -10 - -3)?
-2
What is the value of (-29 - -25) + 9 + 12?
17
Evaluate 5 + 1 + (0 - -1 - 0) + -1.
6
What is the value of (0 - 8) + 24 + -31 + 14?
-1
Calculate 26 + (14 - (50 - 26)).
16
(0 + -4 - (95 - 109)) + 0
10
What is 0 - (38 - 119 - -48)?
33
Evaluate -2 - (-4 + (7 - (20 + (-4 - 4)))).
7
What is the value of (8 - 20) + 21 + -12 - (3 - 6)?
0
What is (-61 - -66) + (-10 - -33)?
28
What is the value of 1 + 22 + (-271 - -207)?
-41
Calculate (-9 - 9) + 17 - (-3 + 1).
1
Evaluate 27 - -19 - (-7 - (-7 - (-1 + 8))).
39
Evaluate -16 + (4 - -11) + -11.
-12
0 + 7 - (75 - 101) - 2
31
What is -52 + 44 - (9 - 7 - (43 + 1))?
34
What is the value of -9 - (9 + 0 + -17)?
-1
Calculate -1 - 3 - -4 - 4 - 3.
-7
Calculate -4 + (50 + -44 - ((1 - 6) + 3)).
4
Calculate -7 - ((2 - (6 + 5)) + (-3 - -8)).
-3
Evaluate -8 - (5 + -13 - (-1 - 9)).
-10
What is the value of -26 + (35 - 7) + -10 + 1?
-7
What is the value of (-1 + 29 - 52) + 23?
-1
1245 + -1294 + (22 - 1)
-28
Calculate 1 - 0 - (-1 + (-5 - 2) + 7).
2
What is the value of -13 - (-13 - (-17 + 14))?
-3
Calculate -21 - -43 - 32 - -1.
-9
What is the value of 12 - (18 + 2 + -40)?
32
Calculate (-2 - -3 - 7) + 304 + -304.
-6
Evaluate (17 - (-7 + 32)) + 34.
26
Calculate (68 - 64) + -33 + (-3 - -3) + 0.
-29
Calculate -2 + -8 - ((2 - 5) + 4) - -3.
-8
(37 - 39) + 6 + -2 + 3 + 1
6
Evaluate (-22 - -12) + 5 + (2 - (2 + -34)).
29
11 - (12 + -6 + -11 + 1)
15
Evaluate -10 - ((-6 - 2) + (7 - 3)).
-6
What is 6 + (-6 - (3 + 0 - 29) - 9)?
17
Calculate (10 - (11 - 2)) + (-1 + 3 - -1).
4
14 + 4 + (-14 - -4) + 0 + 1
9
What is the value of 6 + 1 + (-5 - 3) + 4 + 1?
4
What is the value of (7 - ((8 - 3) + -7)) + 4?
13
Calculate -10 + (-3 + -4 - -11) - (-27 + 2).
19
Evaluate 10 + (-10 - (8 - (-11 - -1 - -17))).
-1
What is 3 - (13 - (-5 + 26 + 11))?
22
-5 + 1 - (2 + (-8 - 4))
6
Calculate -11 - (-1 + -1 + -10 - 5).
6
Calculate 20 + (-3 - 6) + -7 - -7.
11
What is -2 + -8 + 7 + 0 - (-6 + 29)?
-26
What is the value of -22 - -4 - (-9 - -2)?
-11
What is 4 - (-9 - -34) - -38?
17
What is 13 + -1 + -5 + -17?
-10
Calculate -8 + 2 - (-24 + -3 + 13).
8
Calculate -11 - -3 - -32 - 17.
7
Calculate -21 + (6 - 12) - -4 - -5.
-18
What is 24 + 14 + -20 - 35?
-17
Evaluate -14 + (10 - (-17 - -22)).
-9
-10 - (6 - (0 + -8))
-24
Calculate (0 - 15 - -9) + 16 + -3 - 30.
-23
2 + 15 + -31 + 27 + 0
13
What is (-10 + 16 + (-14 - 1) - -1) + 9?
1
Calculate 3 + -9 + 12 - 10.
-4
What is (-107 + 207 - 98) + (0 - 16)?
-14
What is the value of (77 - 21) + 7 - 36?
27
What is the value of -285 + 338 - (-3 - -22)?
34
Evaluate -17 + (11 - -12 - 5) + (0 - 8).
-7
Calculate -315 + 330 - (27 - 1).
-11
What is the value of (0 - 2) + 6 - -9?
13
Calculate 0 + -7 - (-36 + 42).
-13
Calculate -26 + 8 - -38 - 3.
17
What is the value of -3 - (-2 + (-29 - -15))?
13
Calculate -5 + (-91 + 81 - (-53 + 0)) + -11.
27
Calculate (1 - 0) + 3 - 1 - 14.
-11
What is (29 - 6) + (6 - 16)?
13
Evaluate -31 + 15 + 12 + (-3 - 4) + 0.
-11
Calculate 16 - (1 + 2 - (-34 - -28)).
7
What is the value of 6 + -20 + (32 - 9)?
9
(1232 - 1250) + 2 + 16
0
Calculate 2 - (-2 - -31) - (-92 + 88) - -8.
-15
What is 17 + -4 + -23 - -8?
-2
What is the value of -9 - (4 + (-82 - -89) + (-1 - 5))?
-14
What is the value of (0 - (24 + -22)) + -9?
-11
What is the value of -17 - (-12 + 2) - -3?
-4
What is (-19 - -7) + -3 + 36 + (-7 - 1)?
13
What is 47 + -62 + 4 + 52?
41
Calculate 3 + (9 - (5 + 2)) + 14.
19
-12 + -7 - (-20 + -6)
7
What is the value of 12 - (7 + (-5 - 5) - -4)?
11
-9 - (-225 - -225 - (-3 - -5 - -11))
4
-57 - (52 + -11 + -70)
-28
-1 - -8 - (-1 - 0) - -6
14
What is the value of -73 + 66 - (-5 + 2 + 1)?
-5
What is -1 - -14 - (-305 - -286)?
32
What is the value of -11 + 15 + (3 - (-1 - -11)) - 1?
-4
Evaluate 0 + 3 + (-7 - (-10 - -3)) + -17.
-14
Calculate -6 + 5 + -8 + 0 + 5 + 14.
10
What is -6 + 12 + 0 + -2?
4
What is 1 - -3 - -1 - (16 + -16)?
5
Calculate 3 + (5 - 6) + -3 + 2.
1
Calculate (-12 + 12 - -9) + -3 + (8 - 0).
14
Calculate 13 + -20 + 19 + -6 + 16.
22
Evaluate (-37 - -24 - -2) + -1 + 14.
2
Calculate (8 - -9) + -27 + (20 - (3 + -2)).
9
What is the value of (-33 + 10 - -28) + (4 - -14)?
23
Calculate 18 + (56 - 69) + 5 + 1.
11
What is 12 - 11 - (1 + -8 - -6)?
2
9 - 21 - -7 - -4
-1
What is 37 - (-70 - -98 - (1 - -10) - 6)?
26
What is the value of -28 - (-4 - -12 - 15)?
-21
What is the value of -6 + 7 - (4 - 11 - 5 - -6)?
7
What is (-20 - -40) + -29 + (1 - 14)?
-22
What is the value of 11 - (5 - 0) - 1 - (-8 + -8)?
21
Evaluate 10 + 20 + -20 + 9 + -41.
-22
Calculate 1 + 2 + -1 - (-14 - (42 - 46)).
12
-38 - (-25 - -45 - 42)
-16
Calculate (-6 - 0) + (-62 - -56) - (-1 + 1).
-12
What is -6 + -1 + 33 + 5 + -24 - 23?
-16
What is -11 + 15 + -18 + 2 + -42 + 47?
-7
What is 9 - (22 + -15 + 23)?
-21
Evaluate -9 - ((-10 - 26) + 12).
15
Evaluate (6 - 1 - (-5 - -9)) + 2.
3
What is 17 - (2 - (23 - 26))?
12
21 - (14 - (-5 - -8))
10
Calculate 2 + 8 + -11 + 21 + 1 + -7.
14
What is the value of 2 + (-29 - -12) - (-2 + 0 + -8)?
-5
What is the value of 5 + -6 + -16 + (8 - 6)?
-15
What is the value of -7 + (-4 + (-4 + 5 - -1) - -1)?
-8
Evaluate -115 - -113 - (-10 + 1) - 18.
-11
What is 129 + -127 - (8 + -18)?
12
Calculate (0 - 8) + (-68 - -68) + 21.
13
What is the value of -3 + 8 - (-10 + 4 + 12)?
-1
What is -44 - (-51 - (9 - 42))?
-26
What is the value of 11 + 0 + -23 + 32?
20
(22 + -4 - 4) + -6 - 31
-23
What is the value of (37 - 16 - 21) + (0 - 0)?
0
What is 12 + 9 + -3 - (8 - 0)?
10
What is the value of 2 + (0 + -9 - (-1 - -6) - 4)?
-16
Calculate 6 + 0 - 1 - (15 + (5 - 8)).
-7
What is -74 + 82 + (-6 - (0 + 1))?
1
Calculate -36 - ((19 - 59) + 30).
-26
13 - (2 + (-17 - -11) + 14)
3
22 - (2 - -18) - (-2 - 15 - -2)
17
Evaluate 749 - 778 - (1 + -3 + 8).
-35
-4 - (-10 - (26 + -13))
19
What is 1 + -1 - (-14 - (-4 - 9) - 10)?
11
Calculate 0 - -7 - (-9 + 20 + (3 - 7)).
0
5 - -21 - (-23 - (-18 - -8) - -14)
25
Evaluate 16 + 0 + (18 + 7 - 15).
26
Calculate -13 + ((0 - -6) + -13 - -8).
-12
What is 44 - 3 - (41 + -20)?
20
Evaluate 3 + -1 + (-11 + 1 - -11 - 7).
-4
Evaluate (-50 - -46) + (-7 - 2 - -1).
-12
What is 0 + -2 - (74 + -73) - 2?
-5
-55 - -83 - (-3 + 21)
10
Evaluate -13 - ((3 - 16) + 14).
-14
1 - ((11 - 14) + -8)
12
What is -8 - (-10 - (7 + (-3 - (-3 + 9))))?
0
What is (0 - 3) + (-1 - -1) + -2710 + 2704?
-9
What is the value of (2 - -1 - (-21 - -13 - -14)) + 6?
3
What is the value of 0 - (2 - -2) - (-24 + 21)?
-1
Calculate -14 + (-19 - (-3 - 43)).
13
-7 + (2 - (2 + -4 + 1)) + 3
-1
-